{"id":339,"date":"2023-06-15T10:32:56","date_gmt":"2023-06-15T07:32:56","guid":{"rendered":"https:\/\/www.sirinbahcem.com\/?post_type=product&#038;p=339"},"modified":"2023-06-15T12:15:29","modified_gmt":"2023-06-15T09:15:29","slug":"serpme-kahvalti","status":"publish","type":"product","link":"https:\/\/www.sirinbahcem.com\/index.php\/urun\/serpme-kahvalti\/","title":{"rendered":"SERPME KAHVALTI"},"content":{"rendered":"<p>4 \u00c7e\u015fit K\u00f6y Peyniri, 3 \u00c7e\u015fit Ev Yap\u0131m\u0131 Re\u00e7el, 2 \u00c7e\u015fit Zeytin, Cevizli Bal, Tereya\u011f, Kaymak, \u00c7emen, Kahvalt\u0131l\u0131k Ac\u0131l\u0131 Sos, Omlet, Patates K\u00f6ftesi, Yaprak Sarma, Sigara B\u00f6re\u011fi, Domates, Salatal\u0131k, Bir Demlik \u00c7ay<\/p>\n","protected":false},"excerpt":{"rendered":"<p>4 \u00c7e\u015fit K\u00f6y Peyniri, 3 \u00c7e\u015fit Ev Yap\u0131m\u0131 Re\u00e7el, 2 \u00c7e\u015fit Zeytin, Cevizli Bal, Tereya\u011f, Kaymak, \u00c7emen, Kahvalt\u0131l\u0131k Ac\u0131l\u0131 Sos, Omlet, Patates K\u00f6ftesi, Yaprak Sarma,&hellip;<\/p>\n","protected":false},"featured_media":39,"comment_status":"open","ping_status":"closed","template":"","meta":[],"product_cat":[16],"product_tag":[],"class_list":["post-339","product","type-product","status-publish","has-post-thumbnail","hentry","product_cat-genel"],"_links":{"self":[{"href":"https:\/\/www.sirinbahcem.com\/index.php\/wp-json\/wp\/v2\/product\/339","targetHints":{"allow":["GET"]}}],"collection":[{"href":"https:\/\/www.sirinbahcem.com\/index.php\/wp-json\/wp\/v2\/product"}],"about":[{"href":"https:\/\/www.sirinbahcem.com\/index.php\/wp-json\/wp\/v2\/types\/product"}],"replies":[{"embeddable":true,"href":"https:\/\/www.sirinbahcem.com\/index.php\/wp-json\/wp\/v2\/comments?post=339"}],"wp:featuredmedia":[{"embeddable":true,"href":"https:\/\/www.sirinbahcem.com\/index.php\/wp-json\/wp\/v2\/media\/39"}],"wp:attachment":[{"href":"https:\/\/www.sirinbahcem.com\/index.php\/wp-json\/wp\/v2\/media?parent=339"}],"wp:term":[{"taxonomy":"product_cat","embeddable":true,"href":"https:\/\/www.sirinbahcem.com\/index.php\/wp-json\/wp\/v2\/product_cat?post=339"},{"taxonomy":"product_tag","embeddable":true,"href":"https:\/\/www.sirinbahcem.com\/index.php\/wp-json\/wp\/v2\/product_tag?post=339"}],"curies":[{"name":"wp","href":"https:\/\/api.w.org\/{rel}","templated":true}]}}